{"id":6193,"date":"2025-07-30T15:21:35","date_gmt":"2025-07-30T15:21:35","guid":{"rendered":"https:\/\/oronda.es\/producto\/pack-air-planter-suport-de-paret\/"},"modified":"2025-07-30T15:21:35","modified_gmt":"2025-07-30T15:21:35","slug":"pack-air-planter-suport-de-paret","status":"publish","type":"product","link":"https:\/\/oronda.es\/ca\/producto\/pack-air-planter-suport-de-paret\/","title":{"rendered":"Pack Air planter + Suport de paret"},"content":{"rendered":"<ul>\n<li>Els nostres penjadors Air Planter estan elaborats artesanalment en ferro forjat i dissenyats per allotjar plantes d&#8217;aire, aquestes plantes que no necessiten substrat i viuen nom\u00e9s de la humitat ambiental.<\/li>\n<li>D\u00f3na vida als teus espais quotidians amb un estil minimalista i po\u00e8tic que encaixa harm\u00f2nicament en qualsevol ambient.<\/li>\n<li>El <b>Suport de paret<\/b> permet penjar-lo a qualsevol superf\u00edcie vertical fent-lo lluir a tots els espais. El pots posar tant a interiors com a exteriors. <\/li>\n<li>Crea el teu jard\u00ed penjant combinant-lo amb altres elements de la Col\u00b7lecci\u00f3 A\u00e8ria.<\/li>\n<\/ul>\n","protected":false},"excerpt":{"rendered":"<p>Els nostres penjadors Air Planter estan elaborats artesanalment en ferro forjat i dissenyats per allotjar plantes d&#8217;aire, aquestes plantes que no necessiten substrat i viuen nom\u00e9s de la humitat ambiental. D\u00f3na vida als teus espais quotidians amb un estil minimalista i po\u00e8tic que encaixa harm\u00f2nicament en qualsevol ambient. El Suport de paret permet penjar-lo a qualsevol superf\u00edcie vertical fent-lo lluir a tots els espais. El pots posar tant a interiors com a exteriors. Crea el teu jard\u00ed penjant combinant-lo amb altres elements de la Col\u00b7lecci\u00f3 A\u00e8ria.<\/p>\n","protected":false},"featured_media":6150,"comment_status":"open","ping_status":"closed","template":"","meta":[],"product_brand":[],"product_cat":[71,70],"product_tag":[],"class_list":{"0":"post-6193","1":"product","2":"type-product","3":"status-publish","4":"has-post-thumbnail","6":"product_cat-colleccio-aeria","7":"product_cat-testos-i-gerros","9":"first","10":"instock","11":"taxable","12":"shipping-taxable","13":"purchasable","14":"product-type-variable"},"_links":{"self":[{"href":"https:\/\/oronda.es\/ca\/wp-json\/wp\/v2\/product\/6193","targetHints":{"allow":["GET"]}}],"collection":[{"href":"https:\/\/oronda.es\/ca\/wp-json\/wp\/v2\/product"}],"about":[{"href":"https:\/\/oronda.es\/ca\/wp-json\/wp\/v2\/types\/product"}],"replies":[{"embeddable":true,"href":"https:\/\/oronda.es\/ca\/wp-json\/wp\/v2\/comments?post=6193"}],"wp:featuredmedia":[{"embeddable":true,"href":"https:\/\/oronda.es\/ca\/wp-json\/wp\/v2\/media\/6150"}],"wp:attachment":[{"href":"https:\/\/oronda.es\/ca\/wp-json\/wp\/v2\/media?parent=6193"}],"wp:term":[{"taxonomy":"product_brand","embeddable":true,"href":"https:\/\/oronda.es\/ca\/wp-json\/wp\/v2\/product_brand?post=6193"},{"taxonomy":"product_cat","embeddable":true,"href":"https:\/\/oronda.es\/ca\/wp-json\/wp\/v2\/product_cat?post=6193"},{"taxonomy":"product_tag","embeddable":true,"href":"https:\/\/oronda.es\/ca\/wp-json\/wp\/v2\/product_tag?post=6193"}],"curies":[{"name":"wp","href":"https:\/\/api.w.org\/{rel}","templated":true}]}}

<ul>
<li>Els nostres penjadors Air Planter estan elaborats artesanalment en ferro forjat i dissenyats per allotjar plantes d&#8217;aire, aquestes plantes que no necessiten substrat i viuen només de la humitat ambiental.</li>
<li>Dóna vida als teus espais quotidians amb un estil minimalista i poètic que encaixa harmònicament en qualsevol ambient.</li>
<li>El <b>Suport de paret</b> permet penjar-lo a qualsevol superfície vertical fent-lo lluir a tots els espais. El pots posar tant a interiors com a exteriors. </li>
<li>Crea el teu jardí penjant combinant-lo amb altres elements de la Col·lecció Aèria.</li>
</ul>

<p>Els nostres penjadors Air Planter estan elaborats artesanalment en ferro forjat i dissenyats per allotjar plantes d&#8217;aire, aquestes plantes que no necessiten substrat i viuen només de la humitat ambiental. Dóna vida als teus espais quotidians amb un estil minimalista i poètic que encaixa harmònicament en qualsevol ambient. El Suport de paret permet penjar-lo a qualsevol superfície vertical fent-lo lluir a tots els espais. El pots posar tant a interiors com a exteriors. Crea el teu jardí penjant combinant-lo amb altres elements de la Col·lecció Aèria.</p>
