{"id":5525,"date":"2024-04-23T16:47:33","date_gmt":"2024-04-23T16:47:33","guid":{"rendered":"https:\/\/oronda.es\/producto\/wall-set-large\/"},"modified":"2025-07-31T08:10:27","modified_gmt":"2025-07-31T08:10:27","slug":"wall-set-large","status":"publish","type":"product","link":"https:\/\/oronda.es\/ca\/producto\/wall-set-large\/","title":{"rendered":"Jard\u00ed Penjant XL"},"content":{"rendered":"<div dir=\"ltr\">\n<div class=\"input-box\" spellcheck=\"false\">\n<ul>\n<li><span style=\"font-weight: 400;\">Un conjunt complet de decoraci\u00f3 suspesa per transformar la teva paret en un oasi vegetal amb ess\u00e8ncia artesana. Perfecte per sumar personalitat sense trencar l&#8217;harmonia de l&#8217;espai <\/span><\/li>\n<li><span style=\"font-weight: 400;\">La paret ja no \u00e9s nom\u00e9s una superf\u00edcie, \u00e9s una oportunitat d&#8217;explicar la teva hist\u00f2ria. El Jard\u00ed Penjant XL \u00e9s una composici\u00f3 completa de peces de forja artesanal que et permet organitzar el teu propi jard\u00ed vertical amb \u00e0nima. <\/span><\/li>\n<li><span style=\"font-weight: 400;\">Pots oblidar-te d&#8217;haver de fer mil forats a la paret per a cada planta penjant. El Jard\u00ed penjant \u00e9s de molt f\u00e0cil instal\u00b7laci\u00f3 i el pots fer servir tant en interiors com en exteriors. <\/span><\/li>\n<\/ul>\n<\/div>\n<\/div>\n","protected":false},"excerpt":{"rendered":"<p>Un conjunt complet de decoraci\u00f3 suspesa per transformar la teva paret en un oasi vegetal amb ess\u00e8ncia artesana. Perfecte per sumar personalitat sense trencar l&#8217;harmonia de l&#8217;espai La paret ja no \u00e9s nom\u00e9s una superf\u00edcie, \u00e9s una oportunitat d&#8217;explicar la teva hist\u00f2ria. El Jard\u00ed Penjant XL \u00e9s una composici\u00f3 completa de peces de forja artesanal que et permet organitzar el teu propi jard\u00ed vertical amb \u00e0nima. Pots oblidar-te d&#8217;haver de fer mil forats a la paret per a cada planta penjant. El Jard\u00ed penjant \u00e9s de molt f\u00e0cil instal\u00b7laci\u00f3 i el pots fer servir tant en interiors com en exteriors.<\/p>\n","protected":false},"featured_media":5400,"comment_status":"open","ping_status":"closed","template":"","meta":[],"product_brand":[],"product_cat":[71,70],"product_tag":[],"class_list":{"0":"post-5525","1":"product","2":"type-product","3":"status-publish","4":"has-post-thumbnail","6":"product_cat-colleccio-aeria","7":"product_cat-testos-i-gerros","9":"first","10":"instock","11":"taxable","12":"shipping-taxable","13":"purchasable","14":"product-type-variable"},"_links":{"self":[{"href":"https:\/\/oronda.es\/ca\/wp-json\/wp\/v2\/product\/5525","targetHints":{"allow":["GET"]}}],"collection":[{"href":"https:\/\/oronda.es\/ca\/wp-json\/wp\/v2\/product"}],"about":[{"href":"https:\/\/oronda.es\/ca\/wp-json\/wp\/v2\/types\/product"}],"replies":[{"embeddable":true,"href":"https:\/\/oronda.es\/ca\/wp-json\/wp\/v2\/comments?post=5525"}],"wp:featuredmedia":[{"embeddable":true,"href":"https:\/\/oronda.es\/ca\/wp-json\/wp\/v2\/media\/5400"}],"wp:attachment":[{"href":"https:\/\/oronda.es\/ca\/wp-json\/wp\/v2\/media?parent=5525"}],"wp:term":[{"taxonomy":"product_brand","embeddable":true,"href":"https:\/\/oronda.es\/ca\/wp-json\/wp\/v2\/product_brand?post=5525"},{"taxonomy":"product_cat","embeddable":true,"href":"https:\/\/oronda.es\/ca\/wp-json\/wp\/v2\/product_cat?post=5525"},{"taxonomy":"product_tag","embeddable":true,"href":"https:\/\/oronda.es\/ca\/wp-json\/wp\/v2\/product_tag?post=5525"}],"curies":[{"name":"wp","href":"https:\/\/api.w.org\/{rel}","templated":true}]}}

Jardí Penjant XL

<div dir="ltr">
<div class="input-box" spellcheck="false">
<ul>
<li><span style="font-weight: 400;">Un conjunt complet de decoració suspesa per transformar la teva paret en un oasi vegetal amb essència artesana. Perfecte per sumar personalitat sense trencar l&#8217;harmonia de l&#8217;espai </span></li>
<li><span style="font-weight: 400;">La paret ja no és només una superfície, és una oportunitat d&#8217;explicar la teva història. El Jardí Penjant XL és una composició completa de peces de forja artesanal que et permet organitzar el teu propi jardí vertical amb ànima. </span></li>
<li><span style="font-weight: 400;">Pots oblidar-te d&#8217;haver de fer mil forats a la paret per a cada planta penjant. El Jardí penjant és de molt fàcil instal·lació i el pots fer servir tant en interiors com en exteriors. </span></li>
</ul>
</div>
</div>

<p>Un conjunt complet de decoració suspesa per transformar la teva paret en un oasi vegetal amb essència artesana. Perfecte per sumar personalitat sense trencar l&#8217;harmonia de l&#8217;espai La paret ja no és només una superfície, és una oportunitat d&#8217;explicar la teva història. El Jardí Penjant XL és una composició completa de peces de forja artesanal que et permet organitzar el teu propi jardí vertical amb ànima. Pots oblidar-te d&#8217;haver de fer mil forats a la paret per a cada planta penjant. El Jardí penjant és de molt fàcil instal·lació i el pots fer servir tant en interiors com en exteriors.</p>
